{"id":2488,"date":"2021-09-02T18:55:04","date_gmt":"2021-09-02T16:55:04","guid":{"rendered":"https:\/\/radcaen.fr\/?page_id=2488"},"modified":"2021-09-02T18:55:06","modified_gmt":"2021-09-02T16:55:06","slug":"liste-de-lecture","status":"publish","type":"page","link":"https:\/\/radcaen.fr\/index.php\/liste-de-lecture\/","title":{"rendered":"Liste de lecture"},"content":{"rendered":"\n<div style=\"height:50px\" aria-hidden=\"true\" class=\"wp-block-spacer\"><\/div>\n\n\n\n<p>Cette page r\u00e9f\u00e9rence les ouvrages que je recommande, tri\u00e9s par cat\u00e9gories. Ce sont des livres que je n&rsquo;ai pas forc\u00e9ment lus, mais dont j&rsquo;ai au moins entendu parler et dont je pense que la lecture peut apporter. Je recommande tout ces livres parce que je pense qu&rsquo;ils peuvent apporter connaissances et esprit critique. Je ne suis pas d&rsquo;accord avec 100% des livres propos\u00e9s bien s\u00fbr, et cette liste grandira avec le blog et mes lectures.<\/p>\n\n\n\n<p>Pour une description plus pr\u00e9cise de chaque livre, et pour en lire certains gratuitement, rendez-vous dans la <a href=\"https:\/\/radcaen.fr\/index.php\/bibliographie\/\" target=\"_blank\" rel=\"noreferrer noopener\">bibliographie<\/a>.<\/p>\n\n\n\n<p>Les ouvrages sont tri\u00e9s par langue (anglais et fran\u00e7ais), par th\u00e8me, et il est indiqu\u00e9 dessus si je les ais lus, s&rsquo;ils sont en cours de lecture, ou si je dois encore les lire.<\/p>\n\n\n\n<h2 class=\"wp-block-heading\">Livres en fran\u00e7ais<\/h2>\n\n\n\n<h3 class=\"wp-block-heading\">G\u00e9n\u00e9ral<\/h3>\n\n\n\n<p>Femmes Invisibles : Comment le manque de donn\u00e9es sur les femmes dessine un monde fait pour les hommes<br>Autrice : Caroline Criado Perez<br>\u25cf Lu, traduit de l&rsquo;anglais<\/p>\n\n\n\n<p>Full Spectrum Resistance, Tome 1 : Construire nos luttes<br>Auteur : Aric McBay<br>\u25cf En cours de lecture, traduit de l&rsquo;anglais<\/p>\n\n\n\n<p>L&rsquo;\u00e9chec de la Non-Violence : Du printemps arabe \u00e0 Occupy<br>Auteur : Peter Gelderloos<br>\u25cf En cours de lecture, traduit de l&rsquo;anglais<\/p>\n\n\n\n<h3 class=\"wp-block-heading\">Pornographie et prostitution<\/h3>\n\n\n\n<p>L&rsquo;\u00catre et la Marchandise : Prostitution, maternit\u00e9 de substitution et dissociation de soi<br>Autrice : Kajsa Ekis Ekman<br>\u25cf Lu, traduit du su\u00e9dois<\/p>\n\n\n\n<p>PornLand : Comment le porno a envahi nos vies<br>Autrice : Gail Dines<br>\u25cf Lu, traduit de l&rsquo;anglais<\/p>\n\n\n\n<h3 class=\"wp-block-heading\">Violence envers les femmes<\/h3>\n\n\n\n<p>Madame, Il Fallait Partir : Comment la justice ach\u00e8ve les femmes victimes de violences conjugales<br>Autrice : C\u00e9line Marcovici<br>\u25cf Lu<\/p>\n\n\n\n<p>Sans Consentement : Enqu\u00eate sur le viol<br>Auteur : John Krakauer<br>\u25cf Lu, traduit de l&rsquo;anglais<\/p>\n\n\n\n<h3 class=\"wp-block-heading\">Genre et Transidentit\u00e9<\/h3>\n\n\n\n<p>L&rsquo;Empire Transsexuel<br>Autrice : Janice Raymond<br>\u25cf A lire, traduit de l&rsquo;anglais<\/p>\n\n\n\n<h3 class=\"wp-block-heading\">Autre<\/h3>\n\n\n\n<p>Sorci\u00e8res, la puissance invaincue des femmes<br>Autrice : Mona Chollet<br>\u25cf Non lu<\/p>\n\n\n\n<h2 class=\"wp-block-heading\">Livres en anglais<\/h2>\n\n\n\n<h3 class=\"wp-block-heading\">G\u00e9n\u00e9ral<\/h3>\n\n\n\n<p>Sweetening the Pill : How We Got Hooked on Hormonal Birth Control<br>Autrice : Holly Grigg-Spall<br>\u25cf En cours de lecture<\/p>\n\n\n\n<h3 class=\"wp-block-heading\">Pornographie et prostitution<\/h3>\n\n\n\n<p>Pornography : Research Advances and Policy Considerations<br>Auteurs : Dolf Zillmann et Jennings Bryant<br>\u25cf A lire<\/p>\n\n\n\n<h3 class=\"wp-block-heading\">Violence envers les femmes<\/h3>\n\n\n\n<p>Why Does He Do That : Inside the Mind of Angry and Controlling Men<br>Auteur : Lundy Bancroft<br>\u25cf Lu<\/p>\n\n\n\n<h3 class=\"wp-block-heading\">Genre et Transidentit\u00e9<\/h3>\n\n\n\n<p>The Man Who Would Be Queen : The Science of Gender-Bending and Transsexualism<br>Auteur : J. Michael Bailey<br>\u25cf Lu<\/p>\n\n\n\n<p>Delusions of Gender : The Real Science Behind Sex Differences<br>Autrice : Cordelia Fine<br>\u25cf En cours de lecture<\/p>\n\n\n\n<p>Men Trapped in Men&rsquo;s Bodies : Narratives of Autogynephilic Transsexualism<br>Auteur : Anne A. Lawrence<br>\u25cf A lire<\/p>\n","protected":false},"excerpt":{"rendered":"<p>Cette page r\u00e9f\u00e9rence les ouvrages que je recommande, tri\u00e9s par cat\u00e9gories. Ce sont des livres que je n&rsquo;ai pas forc\u00e9ment lus, mais dont j&rsquo;ai au moins entendu parler et dont je pense que la lecture peut apporter. Je recommande tout ces livres parce que je pense qu&rsquo;ils peuvent apporter connaissances et esprit critique. Je ne [&hellip;]<\/p>\n","protected":false},"author":2,"featured_media":0,"parent":0,"menu_order":0,"comment_status":"closed","ping_status":"closed","template":"","meta":{"_monsterinsights_skip_tracking":false,"_monsterinsights_sitenote_active":false,"_monsterinsights_sitenote_note":"","_monsterinsights_sitenote_category":0,"footnotes":""},"class_list":["post-2488","page","type-page","status-publish","hentry"],"yoast_head":"<!-- This site is optimized with the Yoast SEO plugin v26.8 - https:\/\/yoast.com\/product\/yoast-seo-wordpress\/ -->\n<title>Liste de lecture f\u00e9ministe et radicale - RadCaen<\/title>\n<meta name=\"description\" content=\"Voici une liste compr\u00e9hensible d&#039;ouvrages et de livres \u00e0 lire pour mieux comprendre la vision f\u00e9ministe radicale et ses enjeux.\" \/>\n<meta name=\"robots\" content=\"index, follow, max-snippet:-1, max-image-preview:large, max-video-preview:-1\" \/>\n<link rel=\"canonical\" href=\"https:\/\/radcaen.fr\/index.php\/liste-de-lecture\/\" \/>\n<meta property=\"og:locale\" content=\"fr_FR\" \/>\n<meta property=\"og:type\" content=\"article\" \/>\n<meta property=\"og:title\" content=\"Liste de lecture f\u00e9ministe et radicale - RadCaen\" \/>\n<meta property=\"og:description\" content=\"Voici une liste compr\u00e9hensible d&#039;ouvrages et de livres \u00e0 lire pour mieux comprendre la vision f\u00e9ministe radicale et ses enjeux.\" \/>\n<meta property=\"og:url\" content=\"https:\/\/radcaen.fr\/index.php\/liste-de-lecture\/\" \/>\n<meta property=\"og:site_name\" content=\"RadCaen\" \/>\n<meta property=\"article:modified_time\" content=\"2021-09-02T16:55:06+00:00\" \/>\n<meta name=\"twitter:card\" content=\"summary_large_image\" \/>\n<meta name=\"twitter:label1\" content=\"Dur\u00e9e de lecture estim\u00e9e\" \/>\n\t<meta name=\"twitter:data1\" content=\"2 minutes\" \/>\n<script type=\"application\/ld+json\" class=\"yoast-schema-graph\">{\"@context\":\"https:\/\/schema.org\",\"@graph\":[{\"@type\":\"WebPage\",\"@id\":\"https:\/\/radcaen.fr\/index.php\/liste-de-lecture\/\",\"url\":\"https:\/\/radcaen.fr\/index.php\/liste-de-lecture\/\",\"name\":\"Liste de lecture f\u00e9ministe et radicale - RadCaen\",\"isPartOf\":{\"@id\":\"https:\/\/radcaen.fr\/#website\"},\"datePublished\":\"2021-09-02T16:55:04+00:00\",\"dateModified\":\"2021-09-02T16:55:06+00:00\",\"description\":\"Voici une liste compr\u00e9hensible d'ouvrages et de livres \u00e0 lire pour mieux comprendre la vision f\u00e9ministe radicale et ses enjeux.\",\"breadcrumb\":{\"@id\":\"https:\/\/radcaen.fr\/index.php\/liste-de-lecture\/#breadcrumb\"},\"inLanguage\":\"fr-FR\",\"potentialAction\":[{\"@type\":\"ReadAction\",\"target\":[\"https:\/\/radcaen.fr\/index.php\/liste-de-lecture\/\"]}]},{\"@type\":\"BreadcrumbList\",\"@id\":\"https:\/\/radcaen.fr\/index.php\/liste-de-lecture\/#breadcrumb\",\"itemListElement\":[{\"@type\":\"ListItem\",\"position\":1,\"name\":\"Accueil\",\"item\":\"https:\/\/radcaen.fr\/\"},{\"@type\":\"ListItem\",\"position\":2,\"name\":\"Liste de lecture\"}]},{\"@type\":\"WebSite\",\"@id\":\"https:\/\/radcaen.fr\/#website\",\"url\":\"https:\/\/radcaen.fr\/\",\"name\":\"RadCaen\",\"description\":\"F\u00e9minisme radical\",\"publisher\":{\"@id\":\"https:\/\/radcaen.fr\/#\/schema\/person\/a9aba7c1961f02b55b6b76bbcc72ffbb\"},\"potentialAction\":[{\"@type\":\"SearchAction\",\"target\":{\"@type\":\"EntryPoint\",\"urlTemplate\":\"https:\/\/radcaen.fr\/?s={search_term_string}\"},\"query-input\":{\"@type\":\"PropertyValueSpecification\",\"valueRequired\":true,\"valueName\":\"search_term_string\"}}],\"inLanguage\":\"fr-FR\"},{\"@type\":[\"Person\",\"Organization\"],\"@id\":\"https:\/\/radcaen.fr\/#\/schema\/person\/a9aba7c1961f02b55b6b76bbcc72ffbb\",\"name\":\"RadCaen\",\"image\":{\"@type\":\"ImageObject\",\"inLanguage\":\"fr-FR\",\"@id\":\"https:\/\/radcaen.fr\/#\/schema\/person\/image\/\",\"url\":\"https:\/\/radcaen.fr\/wp-content\/uploads\/2020\/11\/cropped-radcaen.png\",\"contentUrl\":\"https:\/\/radcaen.fr\/wp-content\/uploads\/2020\/11\/cropped-radcaen.png\",\"width\":591,\"height\":591,\"caption\":\"RadCaen\"},\"logo\":{\"@id\":\"https:\/\/radcaen.fr\/#\/schema\/person\/image\/\"}}]}<\/script>\n<!-- \/ Yoast SEO plugin. -->","yoast_head_json":{"title":"Liste de lecture f\u00e9ministe et radicale - RadCaen","description":"Voici une liste compr\u00e9hensible d'ouvrages et de livres \u00e0 lire pour mieux comprendre la vision f\u00e9ministe radicale et ses enjeux.","robots":{"index":"index","follow":"follow","max-snippet":"max-snippet:-1","max-image-preview":"max-image-preview:large","max-video-preview":"max-video-preview:-1"},"canonical":"https:\/\/radcaen.fr\/index.php\/liste-de-lecture\/","og_locale":"fr_FR","og_type":"article","og_title":"Liste de lecture f\u00e9ministe et radicale - RadCaen","og_description":"Voici une liste compr\u00e9hensible d'ouvrages et de livres \u00e0 lire pour mieux comprendre la vision f\u00e9ministe radicale et ses enjeux.","og_url":"https:\/\/radcaen.fr\/index.php\/liste-de-lecture\/","og_site_name":"RadCaen","article_modified_time":"2021-09-02T16:55:06+00:00","twitter_card":"summary_large_image","twitter_misc":{"Dur\u00e9e de lecture estim\u00e9e":"2 minutes"},"schema":{"@context":"https:\/\/schema.org","@graph":[{"@type":"WebPage","@id":"https:\/\/radcaen.fr\/index.php\/liste-de-lecture\/","url":"https:\/\/radcaen.fr\/index.php\/liste-de-lecture\/","name":"Liste de lecture f\u00e9ministe et radicale - RadCaen","isPartOf":{"@id":"https:\/\/radcaen.fr\/#website"},"datePublished":"2021-09-02T16:55:04+00:00","dateModified":"2021-09-02T16:55:06+00:00","description":"Voici une liste compr\u00e9hensible d'ouvrages et de livres \u00e0 lire pour mieux comprendre la vision f\u00e9ministe radicale et ses enjeux.","breadcrumb":{"@id":"https:\/\/radcaen.fr\/index.php\/liste-de-lecture\/#breadcrumb"},"inLanguage":"fr-FR","potentialAction":[{"@type":"ReadAction","target":["https:\/\/radcaen.fr\/index.php\/liste-de-lecture\/"]}]},{"@type":"BreadcrumbList","@id":"https:\/\/radcaen.fr\/index.php\/liste-de-lecture\/#breadcrumb","itemListElement":[{"@type":"ListItem","position":1,"name":"Accueil","item":"https:\/\/radcaen.fr\/"},{"@type":"ListItem","position":2,"name":"Liste de lecture"}]},{"@type":"WebSite","@id":"https:\/\/radcaen.fr\/#website","url":"https:\/\/radcaen.fr\/","name":"RadCaen","description":"F\u00e9minisme radical","publisher":{"@id":"https:\/\/radcaen.fr\/#\/schema\/person\/a9aba7c1961f02b55b6b76bbcc72ffbb"},"potentialAction":[{"@type":"SearchAction","target":{"@type":"EntryPoint","urlTemplate":"https:\/\/radcaen.fr\/?s={search_term_string}"},"query-input":{"@type":"PropertyValueSpecification","valueRequired":true,"valueName":"search_term_string"}}],"inLanguage":"fr-FR"},{"@type":["Person","Organization"],"@id":"https:\/\/radcaen.fr\/#\/schema\/person\/a9aba7c1961f02b55b6b76bbcc72ffbb","name":"RadCaen","image":{"@type":"ImageObject","inLanguage":"fr-FR","@id":"https:\/\/radcaen.fr\/#\/schema\/person\/image\/","url":"https:\/\/radcaen.fr\/wp-content\/uploads\/2020\/11\/cropped-radcaen.png","contentUrl":"https:\/\/radcaen.fr\/wp-content\/uploads\/2020\/11\/cropped-radcaen.png","width":591,"height":591,"caption":"RadCaen"},"logo":{"@id":"https:\/\/radcaen.fr\/#\/schema\/person\/image\/"}}]}},"jetpack_sharing_enabled":true,"_links":{"self":[{"href":"https:\/\/radcaen.fr\/index.php\/wp-json\/wp\/v2\/pages\/2488","targetHints":{"allow":["GET"]}}],"collection":[{"href":"https:\/\/radcaen.fr\/index.php\/wp-json\/wp\/v2\/pages"}],"about":[{"href":"https:\/\/radcaen.fr\/index.php\/wp-json\/wp\/v2\/types\/page"}],"author":[{"embeddable":true,"href":"https:\/\/radcaen.fr\/index.php\/wp-json\/wp\/v2\/users\/2"}],"replies":[{"embeddable":true,"href":"https:\/\/radcaen.fr\/index.php\/wp-json\/wp\/v2\/comments?post=2488"}],"version-history":[{"count":4,"href":"https:\/\/radcaen.fr\/index.php\/wp-json\/wp\/v2\/pages\/2488\/revisions"}],"predecessor-version":[{"id":2493,"href":"https:\/\/radcaen.fr\/index.php\/wp-json\/wp\/v2\/pages\/2488\/revisions\/2493"}],"wp:attachment":[{"href":"https:\/\/radcaen.fr\/index.php\/wp-json\/wp\/v2\/media?parent=2488"}],"curies":[{"name":"wp","href":"https:\/\/api.w.org\/{rel}","templated":true}]}}

<div style="height:50px" aria-hidden="true" class="wp-block-spacer"></div>



<p>Cette page référence les ouvrages que je recommande, triés par catégories. Ce sont des livres que je n&rsquo;ai pas forcément lus, mais dont j&rsquo;ai au moins entendu parler et dont je pense que la lecture peut apporter. Je recommande tout ces livres parce que je pense qu&rsquo;ils peuvent apporter connaissances et esprit critique. Je ne suis pas d&rsquo;accord avec 100% des livres proposés bien sûr, et cette liste grandira avec le blog et mes lectures.</p>



<p>Pour une description plus précise de chaque livre, et pour en lire certains gratuitement, rendez-vous dans la <a href="https://radcaen.fr/index.php/bibliographie/" target="_blank" rel="noreferrer noopener">bibliographie</a>.</p>



<p>Les ouvrages sont triés par langue (anglais et français), par thème, et il est indiqué dessus si je les ais lus, s&rsquo;ils sont en cours de lecture, ou si je dois encore les lire.</p>



<h2 class="wp-block-heading">Livres en français</h2>



<h3 class="wp-block-heading">Général</h3>



<p>Femmes Invisibles : Comment le manque de données sur les femmes dessine un monde fait pour les hommes<br>Autrice : Caroline Criado Perez<br>● Lu, traduit de l&rsquo;anglais</p>



<p>Full Spectrum Resistance, Tome 1 : Construire nos luttes<br>Auteur : Aric McBay<br>● En cours de lecture, traduit de l&rsquo;anglais</p>



<p>L&rsquo;échec de la Non-Violence : Du printemps arabe à Occupy<br>Auteur : Peter Gelderloos<br>● En cours de lecture, traduit de l&rsquo;anglais</p>



<h3 class="wp-block-heading">Pornographie et prostitution</h3>



<p>L&rsquo;Être et la Marchandise : Prostitution, maternité de substitution et dissociation de soi<br>Autrice : Kajsa Ekis Ekman<br>● Lu, traduit du suédois</p>



<p>PornLand : Comment le porno a envahi nos vies<br>Autrice : Gail Dines<br>● Lu, traduit de l&rsquo;anglais</p>



<h3 class="wp-block-heading">Violence envers les femmes</h3>



<p>Madame, Il Fallait Partir : Comment la justice achève les femmes victimes de violences conjugales<br>Autrice : Céline Marcovici<br>● Lu</p>



<p>Sans Consentement : Enquête sur le viol<br>Auteur : John Krakauer<br>● Lu, traduit de l&rsquo;anglais</p>



<h3 class="wp-block-heading">Genre et Transidentité</h3>



<p>L&rsquo;Empire Transsexuel<br>Autrice : Janice Raymond<br>● A lire, traduit de l&rsquo;anglais</p>



<h3 class="wp-block-heading">Autre</h3>



<p>Sorcières, la puissance invaincue des femmes<br>Autrice : Mona Chollet<br>● Non lu</p>



<h2 class="wp-block-heading">Livres en anglais</h2>



<h3 class="wp-block-heading">Général</h3>



<p>Sweetening the Pill : How We Got Hooked on Hormonal Birth Control<br>Autrice : Holly Grigg-Spall<br>● En cours de lecture</p>



<h3 class="wp-block-heading">Pornographie et prostitution</h3>



<p>Pornography : Research Advances and Policy Considerations<br>Auteurs : Dolf Zillmann et Jennings Bryant<br>● A lire</p>



<h3 class="wp-block-heading">Violence envers les femmes</h3>



<p>Why Does He Do That : Inside the Mind of Angry and Controlling Men<br>Auteur : Lundy Bancroft<br>● Lu</p>



<h3 class="wp-block-heading">Genre et Transidentité</h3>



<p>The Man Who Would Be Queen : The Science of Gender-Bending and Transsexualism<br>Auteur : J. Michael Bailey<br>● Lu</p>



<p>Delusions of Gender : The Real Science Behind Sex Differences<br>Autrice : Cordelia Fine<br>● En cours de lecture</p>



<p>Men Trapped in Men&rsquo;s Bodies : Narratives of Autogynephilic Transsexualism<br>Auteur : Anne A. Lawrence<br>● A lire</p>

<p>Cette page référence les ouvrages que je recommande, triés par catégories. Ce sont des livres que je n&rsquo;ai pas forcément lus, mais dont j&rsquo;ai au moins entendu parler et dont je pense que la lecture peut apporter. Je recommande tout ces livres parce que je pense qu&rsquo;ils peuvent apporter connaissances et esprit critique. Je ne [&hellip;]</p>

<!-- This site is optimized with the Yoast SEO plugin v26.8 - https://yoast.com/product/yoast-seo-wordpress/ -->
<title>Liste de lecture féministe et radicale - RadCaen</title>
<meta name="description" content="Voici une liste compréhensible d&#039;ouvrages et de livres à lire pour mieux comprendre la vision féministe radicale et ses enjeux." />
<meta name="robots" content="index, follow, max-snippet:-1, max-image-preview:large, max-video-preview:-1" />
<link rel="canonical" href="https://radcaen.fr/index.php/liste-de-lecture/" />
<meta property="og:locale" content="fr_FR" />
<meta property="og:type" content="article" />
<meta property="og:title" content="Liste de lecture féministe et radicale - RadCaen" />
<meta property="og:description" content="Voici une liste compréhensible d&#039;ouvrages et de livres à lire pour mieux comprendre la vision féministe radicale et ses enjeux." />
<meta property="og:url" content="https://radcaen.fr/index.php/liste-de-lecture/" />
<meta property="og:site_name" content="RadCaen" />
<meta property="article:modified_time" content="2021-09-02T16:55:06+00:00" />
<meta name="twitter:card" content="summary_large_image" />
<meta name="twitter:label1" content="Durée de lecture estimée" />
	<meta name="twitter:data1" content="2 minutes" />
<script type="application/ld+json" class="yoast-schema-graph">{"@context":"https://schema.org","@graph":[{"@type":"WebPage","@id":"https://radcaen.fr/index.php/liste-de-lecture/","url":"https://radcaen.fr/index.php/liste-de-lecture/","name":"Liste de lecture féministe et radicale - RadCaen","isPartOf":{"@id":"https://radcaen.fr/#website"},"datePublished":"2021-09-02T16:55:04+00:00","dateModified":"2021-09-02T16:55:06+00:00","description":"Voici une liste compréhensible d'ouvrages et de livres à lire pour mieux comprendre la vision féministe radicale et ses enjeux.","breadcrumb":{"@id":"https://radcaen.fr/index.php/liste-de-lecture/#breadcrumb"},"inLanguage":"fr-FR","potentialAction":[{"@type":"ReadAction","target":["https://radcaen.fr/index.php/liste-de-lecture/"]}]},{"@type":"BreadcrumbList","@id":"https://radcaen.fr/index.php/liste-de-lecture/#breadcrumb","itemListElement":[{"@type":"ListItem","position":1,"name":"Accueil","item":"https://radcaen.fr/"},{"@type":"ListItem","position":2,"name":"Liste de lecture"}]},{"@type":"WebSite","@id":"https://radcaen.fr/#website","url":"https://radcaen.fr/","name":"RadCaen","description":"Féminisme radical","publisher":{"@id":"https://radcaen.fr/#/schema/person/a9aba7c1961f02b55b6b76bbcc72ffbb"},"potentialAction":[{"@type":"SearchAction","target":{"@type":"EntryPoint","urlTemplate":"https://radcaen.fr/?s={search_term_string}"},"query-input":{"@type":"PropertyValueSpecification","valueRequired":true,"valueName":"search_term_string"}}],"inLanguage":"fr-FR"},{"@type":["Person","Organization"],"@id":"https://radcaen.fr/#/schema/person/a9aba7c1961f02b55b6b76bbcc72ffbb","name":"RadCaen","image":{"@type":"ImageObject","inLanguage":"fr-FR","@id":"https://radcaen.fr/#/schema/person/image/","url":"https://radcaen.fr/wp-content/uploads/2020/11/cropped-radcaen.png","contentUrl":"https://radcaen.fr/wp-content/uploads/2020/11/cropped-radcaen.png","width":591,"height":591,"caption":"RadCaen"},"logo":{"@id":"https://radcaen.fr/#/schema/person/image/"}}]}</script>
<!-- / Yoast SEO plugin. -->

Liste de lecture féministe et radicale - RadCaen

Voici une liste compréhensible d'ouvrages et de livres à lire pour mieux comprendre la vision féministe radicale et ses enjeux.

Féminisme radical
